 235?
False
Is 60 a factor of 1106?
False
Is 38850 a multiple of 111?
True
Is 7 a factor of 18043?
False
Is 412 a multiple of 16?
False
Is 109 a factor of 5450?
True
Is 230 even?
True
Does 4 divide 503?
False
Is 38 a factor of 3935?
False
Is 6 a factor of 2166?
True
Is 409 a multiple of 7?
False
Is 20 a factor of 1036?
False
Is 34629 a multiple of 17?
True
Is 1564 a multiple of 17?
True
Does 54 divide 108?
True
Is 139 a factor of 81176?
True
Does 109 divide 1962?
True
Does 18 divide 468?
True
Is 58 a factor of 3681?
False
Is 106 a factor of 1352?
False
Does 74 divide 13922?
False
Does 4 divide 336?
True
Is 111011 a multiple of 39?
False
Is 9268 a multiple of 14?
True
Is 972 a multiple of 29?
False
Is 14 a factor of 25382?
True
Is 2254 a multiple of 11?
False
Does 41 divide 118?
False
Is 89 a factor of 2937?
True
Is 18158 a multiple of 7?
True
Is 27 a factor of 2889?
True
Is 835 a multiple of 55?
False
Is 92 even?
True
Does 36 divide 3096?
True
Is 39 a factor of 112?
False
Does 9 divide 12447?
True
Does 28 divide 21951?
False
Does 2 divide 126?
True
Is 6 a factor of 30912?
True
Is 68 a factor of 1020?
True
Does 23 divide 1518?
True
Is 51 a factor of 10221?
False
Is 30847 a multiple of 11?
False
Does 196 divide 20613?
False
Is 4080 a multiple of 30?
True
Does 68 divide 408?
True
Does 15 divide 108?
False
Does 45 divide 103870?
False
Does 2 divide 1512?
True
Is 18 a factor of 1385?
False
Is 11 a factor of 828?
False
Is 3152 a multiple of 18?
False
Does 9 divide 74907?
True
Is 169 a factor of 9464?
True
Is 12 a factor of 1369?
False
Does 20 divide 500?
True
Is 24622 a multiple of 10?
False
Is 68 a multiple of 12?
False
Is 6 a factor of 156?
True
Is 397 a multiple of 18?
False
Is 11984 a multiple of 28?
True
Is 63 a factor of 1953?
True
Is 6974 a multiple of 10?
False
Does 167 divide 711?
False
Does 65 divide 4515?
False
Does 46 divide 14350?
False
Is 170 a factor of 21085?
False
Is 5 a factor of 3550?
True
Is 128 a multiple of 5?
False
Is 177 a multiple of 17?
False
Is 796 a multiple of 57?
False
Does 170 divide 2295?
False
Does 14 divide 210?
True
Does 4 divide 461?
False
Is 412 a multiple of 4?
True
Is 12521 a multiple of 6?
False
Is 22 a factor of 395?
False
Is 69 a multiple of 6?
False
Does 6 divide 503?
False
Does 53 divide 639?
False
Is 3184 a multiple of 106?
False
Is 35 a factor of 3857?
False
Is 47 a factor of 346?
False
Is 62 a factor of 372?
True
Does 26 divide 546?
True
Does 29 divide 15428?
True
Is 21 a factor of 146?
False
Is 5 a factor of 20172?
False
Is 32 a factor of 736?
True
Is 134 a factor of 4198?
False
Is 27534 a multiple of 26?
True
Is 102 a factor of 39072?
False
Does 3 divide 474?
True
Does 27 divide 9595?
False
Is 898 a multiple of 3?
False
Does 13 divide 3679?
True
Is 5087 a multiple of 14?
False
Is 190 a factor of 6840?
True
Is 100 a multiple of 7?
False
Is 20400 a multiple of 40?
True
Is 94 a factor of 6391?
False
Does 149 divide 21158?
True
Is 50310 a multiple of 45?
True
Is 11 a factor of 4422?
True
Is 114 a factor of 22837?
False
Does 3 divide 30354?
True
Does 17 divide 25262?
True
Is 14 a factor of 14?
True
Is 22 a factor of 639?
False
Does 45 divide 372?
False
Does 4 divide 1544?
True
Does 17 divide 493?
True
Does 18 divide 71010?
True
Does 45 divide 1030?
False
Does 101 divide 17372?
True
Does 91 divide 182?
True
Is 14882 a multiple of 143?
False
Does 16 divide 47439?
False
Does 35 divide 21030?
False
Is 16580 a multiple of 26?
False
Is 34 a factor of 1603?
False
Is 91 a factor of 2797?
False
Is 8526 a multiple of 14?
True
Is 84144 a multiple of 91?
False
Does 131 divide 1748?
False
Does 7 divide 16471?
True
Is 957 a multiple of 10?
False
Does 10 divide 444?
False
Is 8 a factor of 80356?
False
Is 5208 a multiple of 29?
False
Does 5 divide 810?
True
Is 68 a factor of 1496?
True
Is 15538 a multiple of 113?
False
Does 7 divide 28913?
False
Is 63723 a multiple of 111?
False
Is 2204 a multiple of 38?
True
Is 14347 a multiple of 14?
False
Does 150 divide 6793?
False
Is 22 a factor of 6566?
False
Is 2156 a multiple of 5?
False
Is 10 a factor of 10170?
True
Does 212 divide 6983?
False
Is 200 a multiple of 2?
True
Is 114492 a multiple of 282?
True
Is 79 a factor of 13872?
False
Is 8374 a multiple of 79?
True
Is 12930 a multiple of 30?
True
Is 34629 a multiple of 51?
True
Is 57 a factor of 741?
True
Does 23 divide 5357?
False
Is 10 a factor of 5576?
False
Is 31469 a multiple of 55?
False
Is 238 a multiple of 6?
False
Is 19305 a multiple of 45?
True
Is 3652 a multiple of 22?
True
Is 26 a multiple of 15?
False
Is 317 a multiple of 38?
False
Is 25 a factor of 475?
True
Is 2280 a multiple of 76?
True
Is 17 a factor of 799?
True
Is 163 a factor of 54848?
False
Does 29 divide 972?
False
Is 1102 a multiple of 9?
False
Is 8610 a multiple of 6?
True
Does 94 divide 25000?
False
Does 30 divide 5767?
False
Does 41 divide 2050?
True
Does 9 divide 890?
False
Does 3 divide 147?
True
Does 174 divide 2468?
False
Is 159966 a multiple of 18?
True
Is 13 a factor of 4186?
True
Does 15 divide 6139?
False
Does 22 divide 2772?
True
Is 12 a factor of 1328?
False
Does 6 divide 48?
True
Is 27 a factor of 59022?
True
Does 41 divide 154324?
True
Does 6 divide 4831?
False
Is 18 a factor of 348?
False
Is 51 a factor of 1581?
True
Is 299 a multiple of 13?
True
Is 10 a factor of 532?
False
Is 1309 a multiple of 35?
False
Does 20 divide 1456?
False
Does 29 divide 4669?
True
Is 11505 a multiple of 79?
False
Does 23 divide 932?
False
Is 61 a factor of 12077?
False
Is 1027 even?
False
Is 16304 a multiple of 3?
False
Is 364 a multiple of 52?
True
Is 11 a factor of 3487?
True
Is 55 a multiple of 5?
True
Is 8575 a multiple of 140?
False
Is 3 a factor of 32021?
False
Is 40 a factor of 2714?
False
Is 6 a factor of 216?
True
Does 21 divide 156259?
False
Does 50 divide 600?
True
Is 1024 a multiple of 32?
True
Is 33 a factor of 693?
True
Is 117 a factor of 17110?
False
Is 68739 a multiple of 33?
True
Does 54 divide 10692?
True
Is 3112 a multiple of 20?
False
Is 5 a factor of 24652?
False
Does 10 divide 740?
True
Does 23 divide 2691?
True
Is 26 a factor of 3496?
False
Does 11 divide 54368?
False
Does 41 divide 2561?
False
Is 2408 a multiple of 43?
True
Is 22451 a multiple of 157?
True
Is 12 a factor of 1692?
True
Is 21 a factor of 144841?
False
Is 38352 a multiple of 282?
True
Does 7 divide 79?
False
Is 100 a factor of 1000?
True
Is 2255 a multiple of 55?
True
Does 4 divide 38?
False
Is 4 a factor of 3804?
True
Is 18 a factor of 1872?
True
Does 2 divide 1366?
True
Is 6 a factor of 45?
False
Is 2706 a multiple of 82?
True
Is 5248 a multiple of 128?
True
Is 43 a factor of 602?
True
Is 5 a factor of 85?
True
Does 29 divide 812?
True
Is 17 a factor of 323?
True
Is 89024 a multiple of 16?
True
Is 174 a factor of 2131?
False
Is 51165 a multiple of 68?
False
Is 9 a factor of 3799?
False
Does 8 divide 2624?
True
Is 9 a factor of 1683?
True
Does 13 divide 2778?
False
Does 33 divide 1320?
True
Is 1730 a multiple of 57?
False
Is 33 a multiple of 7?
False
Does 71 divide 892?
False
Is 76 a factor of 8512?
True
Does 85 divide 5440?
True
Is 408 a multiple of 3?
True
Is 1209 a multiple of 8?
False
Does 195 divide 14430?
True
Does 69 divide 483?
True
Does 75 divide 75768?
False
Is 23 a factor of 841?
False
Is 12600 a multiple of 90?
True
Is 11 a factor of 372?
False
Does 6 divide 5523?
False
Is 5 a factor of 66?
False
Is 11 a factor of 52910?
True
Is 5 a factor of 6747?
False
Does 102 divide 4167?
False
Is 61226 a multiple of 21?
False
Does 19 divide 549?
False
Is 25 a factor of 25425?
True
Does 167 divide 15865?
True
Is 72 a factor of 7488?
True
Does 48 divide 960?
True
Does 49 divide 42238?
True
Is 91 a factor of 28574?
True
Does 6 divide 1707?
False
Is 17460 a multiple of 4?
True
Does 61 divide 1159?
True
Is 461 a multiple of 28?
False
Is 256 a factor of 38912?
True
Is 651 a multiple of 10?
False
Is 37 a factor of 19460?
False
Is 117 a factor of 3276?
True
Is 272 a multiple of 8?
True
Is 2542 a multiple of 31?
True
Is 5 a factor of 44?
False
Is 156263 a multiple of 14?
False
Is 1815 a multiple of 26?
False
Does 14 divide 23804?
False
Is 1729 a multiple of 91?
True
Does 203 divide 118302?
False
Is 3024 a multiple of 9?
True
Is 1089 a multiple of 121?
True
Is 124821 a multiple o